 211
What are the prime factors of 815?
5, 163
What are the prime factors of 763?
7, 109
List the prime factors of 15758.
2, 7879
What are the prime factors of 6077?
59, 103
List the prime factors of 1704.
2, 3, 71
List the prime factors of 24536.
2, 3067
What are the prime factors of 57324?
2, 3, 17, 281
List the prime factors of 20253.
3, 43, 157
What are the prime factors of 74328?
2, 3, 19, 163
What are the prime factors of 2144?
2, 67
What are the prime factors of 182905?
5, 157, 233
What are the prime factors of 75843?
3, 53
What are the prime factors of 38224?
2, 2389
List the prime factors of 1544.
2, 193
List the prime factors of 6044.
2, 1511
List the prime factors of 74729.
74729
What are the prime factors of 131724?
2, 3, 3659
What are the prime factors of 158?
2, 79
List the prime factors of 10859.
10859
What are the prime factors of 751?
751
List the prime factors of 2179.
2179
List the prime factors of 3055.
5, 13, 47
List the prime factors of 3849.
3, 1283
What are the prime factors of 1417?
13, 109
What are the prime factors of 2365?
5, 11, 43
List the prime factors of 1609.
1609
List the prime factors of 77977.
77977
List the prime factors of 63467.
63467
List the prime factors of 3586.
2, 11, 163
List the prime factors of 9296.
2, 7, 83
What are the prime factors of 197?
197
List the prime factors of 12941.
12941
What are the prime factors of 4220?
2, 5, 211
List the prime factors of 3104.
2, 97
What are the prime factors of 3151?
23, 137
List the prime factors of 3059.
7, 19, 23
What are the prime factors of 11722?
2, 5861
List the prime factors of 3868.
2, 967
List the prime factors of 5510.
2, 5, 19, 29
List the prime factors of 269.
269
What are the prime factors of 9051?
3, 7, 431
List the prime factors of 908.
2, 227
List the prime factors of 60192.
2, 3, 11, 19
What are the prime factors of 11712?
2, 3, 61
What are the prime factors of 1096?
2, 137
List the prime factors of 411.
3, 137
What are the prime factors of 1552?
2, 97
List the prime factors of 7923.
3, 19, 139
List the prime factors of 119.
7, 17
What are the prime factors of 2837?
2837
List the prime factors of 2190.
2, 3, 5, 73
What are the prime factors of 8065?
5, 1613
List the prime factors of 651.
3, 7, 31
List the prime factors of 13268.
2, 31, 107
What are the prime factors of 70909?
23, 3083
What are the prime factors of 15967?
7, 2281
What are the prime factors of 23321?
23321
What are the prime factors of 19474?
2, 7, 13, 107
List the prime factors of 537.
3, 179
What are the prime factors of 2567?
17, 151
List the prime factors of 1775.
5, 71
List the prime factors of 3564.
2, 3, 11
List the prime factors of 7313.
71, 103
List the prime factors of 103.
103
What are the prime factors of 7386?
2, 3, 1231
What are the prime factors of 22993?
22993
What are the prime factors of 446?
2, 223
What are the prime factors of 13951?
7, 1993
List the prime factors of 7076.
2, 29, 61
What are the prime factors of 463?
463
List the prime factors of 1552.
2, 97
What are the prime factors of 99737?
11, 9067
List the prime factors of 2128.
2, 7, 19
List the prime factors of 971.
971
What are the prime factors of 302?
2, 151
What are the prime factors of 751?
751
List the prime factors of 1080.
2, 3, 5
List the prime factors of 641.
641
What are the prime factors of 13625?
5, 109
List the prime factors of 16588.
2, 11, 13, 29
List the prime factors of 3247.
17, 191
What are the prime factors of 92306?
2, 46153
What are the prime factors of 183?
3, 61
List the prime factors of 1103.
1103
What are the prime factors of 40809?
3, 61, 223
What are the prime factors of 970?
2, 5, 97
What are the prime factors of 1955?
5, 17, 23
What are the prime factors of 7159?
7159
List the prime factors of 14072.
2, 1759
List the prime factors of 317.
317
What are the prime factors of 62472?
2, 3, 19, 137
What are the prime factors of 18947?
18947
List the prime factors of 4055.
5, 811
List the prime factors of 14154.
2, 3, 7, 337
What are the prime factors of 2459?
2459
List the prime factors of 9692.
2, 2423
What are the prime factors of 758?
2, 379
What are the prime factors of 3740?
2, 5, 11, 17
List the prime factors of 12701.
13, 977
What are the prime factors of 3742?
2, 1871
What are the prime factors of 24248?
2, 7, 433
What are the prime factors of 1618?
2, 809
What are the prime factors of 225?
3, 5
List the prime factors of 21.
3, 7
What are the prime factors of 6806?
2, 41, 83
What are the prime factors of 1235?
5, 13, 19
List the prime factors of 104159.
11, 17, 557
List the prime factors of 6496.
2, 7, 29
What are the prime factors of 1763?
41, 43
List the prime factors of 41422.
2, 139, 149
List the prime factors of 1824.
2, 3, 19
List the prime factors of 854.
2, 7, 61
List the prime factors of 23265.
3, 5, 11, 47
What are the prime factors of 1173?
3, 17, 23
List the prime factors of 3848.
2, 13, 37
List the prime factors of 4437.
3, 17, 29
What are the prime factors of 3722?
2, 1861
List the prime factors of 1278.
2, 3, 71
What are the prime factors of 8?
2
List the prime factors of 8925.
3, 5, 7, 17
List the prime factors of 32889.
3, 19, 577
What are the prime factors of 90857?
13, 29, 241
What are the prime factors of 17011?
17011
What are the prime factors of 8663?
8663
List the prime factors of 25291.
7, 3613
What are the prime factors of 1556?
2, 389
List the prime factors of 15220.
2, 5, 761
List the prime factors of 14040.
2, 3, 5, 13
What are the prime factors of 3486?
2, 3, 7, 83
What are the prime factors of 5100?
2, 3, 5, 17
What are the prime factors of 1021?
1021
List the prime factors of 2542.
2, 31, 41
List the prime factors of 21973.
7, 43, 73
What are the prime factors of 16765?
5, 7, 479
What are the prime factors of 1296?
2, 3
What are the prime factors of 1108?
2, 277
List the prime factors of 5402.
2, 37, 73
List the prime factors of 23834.
2, 17, 701
What are the prime factors of 1031?
1031
List the prime factors of 2608.
2, 163
List the prime factors of 81252.
2, 3, 37, 61
What are the prime factors of 13187?
13187
List the prime factors of 86382.
2, 3, 4799
List the prime factors of 188649.
3, 17, 137
List the prime factors of 35945.
5, 7, 13, 79
What are the prime factors of 19635?
3, 5, 7, 11, 17
List the prime factors of 77.
7, 11
List the prime factors of 2309.
2309
List the prime factors of 2272.
2, 71
List the prime factors of 358.
2, 179
List the prime factors of 272.
2, 17
List the prime factors of 1201.
1201
List the prime factors of 61194.
2, 3, 7, 31, 47
List the prime factors of 11407.
11, 17, 61
List the prime factors of 5128.
2, 641
What are the prime factors of 189?
3, 7
What are the prime factors of 189?
3, 7
List the prime factors of 120690.
2, 3, 5, 149
What are the prime factors of 3620?
2, 5, 181
List the prime factors of 27400.
2, 5, 137
What are the prime factors of 973?
7, 139
What are the prime factors of 102025?
5, 7, 11, 53
List the prime factors of 897.
3, 13, 23
What are the prime factors of 62?
2, 31
What are the prime factors of 3441?
3, 31, 37
What are the prime factors of 813?
3, 271
List the prime factors of 33144.
2, 3, 1381
List the prime factors of 6563.
6563
List the prime factors of 316.
2, 79
List the prime factors of 3446.
2, 1723
List the prime factors of 8898.
2, 3, 1483
What are the prime factors of 6665?
5, 31, 43
List the prime factors of 7170.
2, 3, 5, 239
List the prime factors of 15946.
2, 7, 17, 67
List the prime factors of 8041.
11, 17, 43
List the prime factors of 10005.
3, 5, 23, 29
What are the prime factors of 11678?
2, 5839
What are the prime factors of 4547?
4547
List the prime factors of 45690.
2, 3, 5, 1523
What are the prime factors of 1698?
2, 3, 283
What are the prime factors of 3342?
2, 3, 557
List the prime factors of 5452.
2, 29, 47
What are the prime factors of 57537?
3, 2131
List the prime factors of 52456.
2, 79, 83
List the prime factors of 2288.
2, 11, 13
List the prime factors of 1973.
1973
What are the prime factors of 11858?
2, 7, 11
List the prime factors of 1744.
2, 109
List the prime factors of 479.
479
List the prime factors of 4164.
2, 3, 347
What are the prime factors of 2063?
2063
What are the prime factors of 22?
2, 11
What are the prime factors of 405?
3, 